{"id":35,"date":"2023-03-13T09:17:31","date_gmt":"2023-03-13T09:17:31","guid":{"rendered":"https:\/\/skoda-prevodnik.cz\/?page_id=35"},"modified":"2023-03-13T09:17:31","modified_gmt":"2023-03-13T09:17:31","slug":"koupit-buy","status":"publish","type":"page","link":"https:\/\/auto-prevodnik.cz\/?page_id=35","title":{"rendered":"Koupit"},"content":{"rendered":"\n<hr class=\"wp-block-separator has-text-color has-vivid-red-color has-css-opacity has-vivid-red-background-color has-background aligncenter is-style-wide\"\/>\n\n\n\n<p class=\"has-text-align-center\"><strong>JT CW 1: Prevodnik na volant<\/strong><\/p>\n\n\n\n<figure class=\"wp-block-table is-style-stripes\"><table><tbody><tr><td> 3599 K\u010d<\/td><td class=\"has-text-align-center\" data-align=\"center\">Modul v\u010detn\u011b instala\u010dn\u00edho svazku ( O3,S3,KODIAQ, KAROQ)<\/td><\/tr><\/tbody><\/table><figcaption>Zprovozn\u011bn\u00ed p\u0159ep\u00edn\u00e1n\u00ed Bud\u00edk\u016f \/ Digit\u00e1ln\u00edch bud\u00edk\u016f , Telefon tla\u010d\u00edtko mo\u017enost mapov\u00e1n\u00ed p\u0159es telefon<\/figcaption><\/figure>\n\n\n\n<div class=\"wp-container-1 wp-block-buttons\">\n<div class=\"wp-block-button\"><a class=\"wp-block-button__link\" href=\"https:\/\/www.jt-autodily.cz\/prevodnik-na-volant-jt-cw-1-komplet\/\">Koupit p\u0159evodn\u00edk<\/a><\/div>\n<\/div>\n\n\n\n<hr class=\"wp-block-separator has-text-color has-vivid-red-color has-css-opacity has-vivid-red-background-color has-background aligncenter is-style-wide\"\/>\n\n\n\n<p class=\"has-text-align-center\"><strong>JT CW 2: StartStopMQB2020<\/strong><\/p>\n\n\n\n<figure class=\"wp-block-table is-style-stripes\"><table><tbody><tr><td>3999 K\u010d<\/td><td class=\"has-text-align-center\" data-align=\"center\">Modul v\u010detn\u011b instala\u010dn\u00edho svazku ( Octavia 4 , Golf 8)<\/td><\/tr><\/tbody><\/table><figcaption>Deaktivace Start Stop po startu<\/figcaption><\/figure>\n\n\n\n<div class=\"wp-container-2 wp-block-buttons\">\n<div class=\"wp-block-button\"><a class=\"wp-block-button__link\" href=\"https:\/\/www.jt-autodily.cz\/prevodnik-na-volant-jt-cw-1-komplet-2\/\">Koupit p\u0159evodn\u00edk<\/a><\/div>\n<\/div>\n\n\n\n<hr class=\"wp-block-separator has-text-color has-vivid-red-color has-css-opacity has-vivid-red-background-color has-background aligncenter is-style-wide\"\/>\n\n\n\n<p class=\"has-text-align-center\"><strong>JT CW3 : Ambiente MQB<\/strong><\/p>\n\n\n\n<figure class=\"wp-block-table is-style-stripes\"><table><tbody><tr><td>7999 K\u010d<\/td><td class=\"has-text-align-center\" data-align=\"center\">Modul na dodelani Ambiente<\/td><\/tr><\/tbody><\/table><figcaption>P\u0159ipravujeme<\/figcaption><\/figure>\n\n\n\n<div class=\"wp-container-3 wp-block-buttons\">\n<div class=\"wp-block-button\"><a class=\"wp-block-button__link\" href=\"https:\/\/www.jt-autodily.cz\/prevodnik-na-volant-jt-cw-1-komplet-2\/\">Koupit p\u0159evodn\u00edk<\/a><\/div>\n<\/div>\n","protected":false},"excerpt":{"rendered":"<p>JT CW 1: Prevodnik na volant 3599 K\u010d Modul v\u010detn\u011b instala\u010dn\u00edho svazku ( O3,S3,KODIAQ, KAROQ) Zprovozn\u011bn\u00ed p\u0159ep\u00edn\u00e1n\u00ed Bud\u00edk\u016f \/ Digit\u00e1ln\u00edch bud\u00edk\u016f , Telefon tla\u010d\u00edtko mo\u017enost mapov\u00e1n\u00ed p\u0159es telefon JT CW 2: StartStopMQB2020 3999 K\u010d Modul v\u010detn\u011b instala\u010dn\u00edho svazku ( Octavia 4 , Golf 8) Deaktivace Start Stop po startu JT CW3 : Ambiente MQB 7999 <a class=\"more-link\" href=\"https:\/\/auto-prevodnik.cz\/?page_id=35\">\u010c\u00edst v\u00edce&#8230;<\/a><\/p>\n","protected":false},"author":1,"featured_media":0,"parent":0,"menu_order":0,"comment_status":"closed","ping_status":"closed","template":"","meta":[],"_links":{"self":[{"href":"https:\/\/auto-prevodnik.cz\/index.php?rest_route=\/wp\/v2\/pages\/35"}],"collection":[{"href":"https:\/\/auto-prevodnik.cz\/index.php?rest_route=\/wp\/v2\/pages"}],"about":[{"href":"https:\/\/auto-prevodnik.cz\/index.php?rest_route=\/wp\/v2\/types\/page"}],"author":[{"embeddable":true,"href":"https:\/\/auto-prevodnik.cz\/index.php?rest_route=\/wp\/v2\/users\/1"}],"replies":[{"embeddable":true,"href":"https:\/\/auto-prevodnik.cz\/index.php?rest_route=%2Fwp%2Fv2%2Fcomments&post=35"}],"version-history":[{"count":27,"href":"https:\/\/auto-prevodnik.cz\/index.php?rest_route=\/wp\/v2\/pages\/35\/revisions"}],"predecessor-version":[{"id":223,"href":"https:\/\/auto-prevodnik.cz\/index.php?rest_route=\/wp\/v2\/pages\/35\/revisions\/223"}],"wp:attachment":[{"href":"https:\/\/auto-prevodnik.cz\/index.php?rest_route=%2Fwp%2Fv2%2Fmedia&parent=35"}],"curies":[{"name":"wp","href":"https:\/\/api.w.org\/{rel}","templated":true}]}}