{"id":2,"date":"2022-12-31T11:44:23","date_gmt":"2022-12-31T11:44:23","guid":{"rendered":"http:\/\/skoda-prevodnik.cz\/?page_id=2"},"modified":"2022-12-31T11:44:24","modified_gmt":"2022-12-31T11:44:24","slug":"sample-page","status":"publish","type":"page","link":"https:\/\/auto-prevodnik.cz\/","title":{"rendered":"V\u00edtejte"},"content":{"rendered":"\n<figure class=\"wp-block-image size-large\"><img loading=\"lazy\" width=\"704\" height=\"490\" src=\"https:\/\/skoda-prevodnik.cz\/wp-content\/uploads\/2021\/02\/wZ2eRNfy8AupcPd73-5zZwTEZEY-1920-1-1.jpg\" alt=\"\" class=\"wp-image-81\" srcset=\"https:\/\/auto-prevodnik.cz\/wp-content\/uploads\/2021\/02\/wZ2eRNfy8AupcPd73-5zZwTEZEY-1920-1-1.jpg 704w, https:\/\/auto-prevodnik.cz\/wp-content\/uploads\/2021\/02\/wZ2eRNfy8AupcPd73-5zZwTEZEY-1920-1-1-300x209.jpg 300w\" sizes=\"(max-width: 704px) 100vw, 704px\" \/><\/figure>\n\n\n\n<p>Na z\u00e1klad\u011b po\u017eadavk\u016f na\u0161ich \u010desk\u00fdch i zahrani\u010dn\u00edch z\u00e1kazn\u00edk\u016f jsme vytvorily speci\u00e1ln\u00ed modul kter\u00e9 um\u00ed rozchodit nefunk\u010dn\u00ed tla\u010d\u00edtko:  CW1<\/p>\n\n\n\n<ul><li>P\u0159ep\u00edn\u00e1n\u00ed Vzhled\u016f Digit\u00e1ln\u00ed Bud\u00edk\u016f i Oby\u010dejn\u00fdch bud\u00edk\u016f<\/li><li>Tla\u010d\u00edtko telefon je mo\u017enost p\u0159i\u0159adit na jin\u00e9 tla\u010d\u00edtko<\/li><li>Beta verze funkce : StartStop<\/li><\/ul>\n\n\n\n<figure class=\"wp-block-image size-large\"><img loading=\"lazy\" width=\"336\" height=\"254\" src=\"https:\/\/skoda-prevodnik.cz\/wp-content\/uploads\/2021\/02\/prevodnik.png\" alt=\"\" class=\"wp-image-112\" srcset=\"https:\/\/auto-prevodnik.cz\/wp-content\/uploads\/2021\/02\/prevodnik.png 336w, https:\/\/auto-prevodnik.cz\/wp-content\/uploads\/2021\/02\/prevodnik-300x227.png 300w, https:\/\/auto-prevodnik.cz\/wp-content\/uploads\/2021\/02\/prevodnik-250x188.png 250w\" sizes=\"(max-width: 336px) 100vw, 336px\" \/><\/figure>\n\n\n\n<figure class=\"wp-block-embed is-type-video is-provider-youtube wp-block-embed-youtube wp-embed-aspect-16-9 wp-has-aspect-ratio\"><div class=\"wp-block-embed__wrapper\">\n<iframe loading=\"lazy\" title=\"MQB Prevodni na volant - auto-prevodnik.cz\" width=\"780\" height=\"439\" src=\"https:\/\/www.youtube.com\/embed\/OIRNkA897I0?feature=oembed\" frameborder=\"0\" allow=\"accelerometer; autoplay; clipboard-write; encrypted-media; gyroscope; picture-in-picture\" allowfullscreen><\/iframe>\n<\/div><\/figure>\n\n\n\n<p><\/p>\n\n\n\n<p><\/p>\n\n\n\n<p><\/p>\n\n\n\n<hr class=\"wp-block-separator has-alpha-channel-opacity\"\/>\n\n\n\n<p>CW2 P\u0159evodnik<\/p>\n\n\n\n<ul><li>StartStop Octravia 4<\/li><\/ul>\n\n\n\n<p><\/p>\n\n\n\n<p>CW3 Ambiente (p\u0159ipavujeme)<\/p>\n\n\n\n<ul><li>Mo\u017enost zapojen\u00ed Ambientn\u00edho podsv\u00edcen\u00ed <\/li><\/ul>\n\n\n\n<p><\/p>\n\n\n\n<p><\/p>\n","protected":false},"excerpt":{"rendered":"<p>Na z\u00e1klad\u011b po\u017eadavk\u016f na\u0161ich \u010desk\u00fdch i zahrani\u010dn\u00edch z\u00e1kazn\u00edk\u016f jsme vytvorily speci\u00e1ln\u00ed modul kter\u00e9 um\u00ed rozchodit nefunk\u010dn\u00ed tla\u010d\u00edtko: CW1 P\u0159ep\u00edn\u00e1n\u00ed Vzhled\u016f Digit\u00e1ln\u00ed Bud\u00edk\u016f i Oby\u010dejn\u00fdch bud\u00edk\u016f Tla\u010d\u00edtko telefon je mo\u017enost p\u0159i\u0159adit na jin\u00e9 tla\u010d\u00edtko Beta verze funkce : StartStop CW2 P\u0159evodnik StartStop Octravia 4 CW3 Ambiente (p\u0159ipavujeme) Mo\u017enost zapojen\u00ed Ambientn\u00edho podsv\u00edcen\u00ed<\/p>\n","protected":false},"author":1,"featured_media":0,"parent":0,"menu_order":0,"comment_status":"closed","ping_status":"open","template":"","meta":[],"_links":{"self":[{"href":"https:\/\/auto-prevodnik.cz\/index.php?rest_route=\/wp\/v2\/pages\/2"}],"collection":[{"href":"https:\/\/auto-prevodnik.cz\/index.php?rest_route=\/wp\/v2\/pages"}],"about":[{"href":"https:\/\/auto-prevodnik.cz\/index.php?rest_route=\/wp\/v2\/types\/page"}],"author":[{"embeddable":true,"href":"https:\/\/auto-prevodnik.cz\/index.php?rest_route=\/wp\/v2\/users\/1"}],"replies":[{"embeddable":true,"href":"https:\/\/auto-prevodnik.cz\/index.php?rest_route=%2Fwp%2Fv2%2Fcomments&post=2"}],"version-history":[{"count":12,"href":"https:\/\/auto-prevodnik.cz\/index.php?rest_route=\/wp\/v2\/pages\/2\/revisions"}],"predecessor-version":[{"id":207,"href":"https:\/\/auto-prevodnik.cz\/index.php?rest_route=\/wp\/v2\/pages\/2\/revisions\/207"}],"wp:attachment":[{"href":"https:\/\/auto-prevodnik.cz\/index.php?rest_route=%2Fwp%2Fv2%2Fmedia&parent=2"}],"curies":[{"name":"wp","href":"https:\/\/api.w.org\/{rel}","templated":true}]}}